n base 16, what is -f7 + -1a5f?
-1b56
In base 9, what is -30436535 + -2?
-30436537
In base 15, what is 27 + 73751?
73778
In base 5, what is 11334423 - 10320?
11324103
In base 4, what is -1010132313 + 1001?
-1010131312
In base 10, what is -80267 + 12245?
-68022
In base 10, what is 18048148 + 5?
18048153
In base 13, what is -119 - -12225?
12109
In base 13, what is -13a3c2 - -124?
-13a29b
In base 13, what is -3716 - 2c?
-3745
In base 2, what is -11000011110100100101110 + 101?
-11000011110100100101001
In base 3, what is -21120110 + 21222022110?
21200202000
In base 10, what is 482 + -383?
99
In base 12, what is -14b660192 + 5?
-14b660189
In base 5, what is -402423242 - -34?
-402423203
In base 10, what is -87 + -4974232?
-4974319
In base 2, what is 110000001110110100 + -11110010?
110000001011000010
In base 16, what is 130a9f - 0?
130a9f
In base 14, what is 5 - -15b759bd?
15b759c4
In base 11, what is 65a12 + -5040?
60982
In base 11, what is -679590 - -4?
-679587
In base 10, what is -139040 - -28?
-139012
In base 16, what is -7456f - 5c?
-745cb
In base 15, what is -b40c + 72b8?
-4144
In base 16, what is -2 + -16b848?
-16b84a
In base 6, what is -1425522054 + 12?
-1425522042
In base 12, what is -62 - 5436a3?
-543745
In base 14, what is -3b77bb - 87?
-3b7864
In base 16, what is 5 + -107644?
-10763f
In base 5, what is 4344243 - -311021?
10210314
In base 5, what is 2323211313 + 1?
2323211314
In base 5, what is -144210022 + 22111?
-144132411
In base 15, what is 5 - 1c18d5?
-1c18d0
In base 6, what is 2203324 - -302?
2204030
In base 2, what is 1000100111011101101001 + 10?
1000100111011101101011
In base 10, what is 772 - 40642?
-39870
In base 11, what is -480 - -3619?
3149
In base 13, what is 38 - -19173?
191ab
In base 13, what is -15066824 + -3?
-15066827
In base 11, what is -12968aa + -2?
-1296901
In base 13, what is 2982657 + 65?
29826bc
In base 13, what is -2 - -66526?
66524
In base 15, what is -3ed + -d670?
-da6d
In base 5, what is -2424 + -20104014?
-20111443
In base 3, what is 101121 - 2202022122?
-2201221001
In base 3, what is 1011 + -1011110211012?
-1011110210001
In base 12, what is 87 + 122393?
12245a
In base 4, what is -10221110203 - -202?
-10221110001
In base 8, what is -20141 + 41236?
21075
In base 6, what is -3 + 33233533040?
33233533033
In base 2, what is 110001011 + 10000111000100?
10001101001111
In base 4, what is -1313 - -10310112?
10302133
In base 2, what is 1001100101001111 + 1011111101101?
1011000100111100
In base 4, what is 31 + 3310320312?
3310321003
In base 2, what is 11010010011011101000000 - -1000?
11010010011011101001000
In base 9, what is -462 - -117057?
116485
In base 5, what is -11110003111 + -2?
-11110003113
In base 13, what is -c20c8 - 0?
-c20c8
In base 6, what is -2 + -23431040151?
-23431040153
In base 11, what is 238 + 55a1?
5829
In base 12, what is -3 + -1533022?
-1533025
In base 14, what is 1 + 1d68293?
1d68294
In base 14, what is 1286 - 199c5?
-1873d
In base 15, what is 0 - 303654?
-303654
In base 4, what is -11 + -21333303310?
-21333303321
In base 7, what is 1510 - -444634?
446444
In base 8, what is 14300 - 12743?
1335
In base 10, what is 366334 - 28?
366306
In base 11, what is -4 + 1563a8aa?
1563a8a6
In base 5, what is 444104 - 13400?
430204
In base 7, what is 1041433 + 146?
1041612
In base 2, what is 1101010101001011100001 - -100?
1101010101001011100101
In base 16, what is 5a268 + 128?
5a390
In base 3, what is 212202110200 - 100?
212202110100
In base 14, what is -3b8923 - -8?
-3b8919
In base 14, what is 56c0d - -38?
56c47
In base 16, what is -4 - 1aaafaa?
-1aaafae
In base 15, what is -218 + 535a2?
53389
In base 8, what is 5451 - -1346?
7017
In base 9, what is 342743 - -7?
342751
In base 12, what is 414374 - -11?
414385
In base 6, what is 243103040 + -12?
243103024
In base 12, what is 6884 - 367?
6519
In base 2, what is -100110000 - 110001100100101?
-110010001010101
In base 4, what is 313132 - 300023?
13103
In base 14, what is 39a + -29d1?
-2635
In base 5, what is 3 + 1004230222?
1004230230
In base 10, what is 10 - 65366?
-65356
In base 5, what is 2003130 + 22?
2003202
In base 9, what is -1864068 - -10?
-1864058
In base 9, what is 1826374 + -16?
1826357
In base 15, what is -8 + -164276?
-16427e
In base 14, what is d + 449a3a?
449a49
In base 13, what is -1 - 10720324?
-10720325
In base 9, what is -75 + -20527?
-20613
In base 5, what is -22223033210 - 2?
-22223033212
In base 6, what is -30 + 12222451?
12222421
In base 2, what is 10001100 + -1000000100100000?
-1000000010010100
In base 10, what is -4 + -1878434?
-1878438
In base 2, what is 10001111001011110 + 1001000000000?
10011000001011110
In base 3, what is 2 + -1200200200011121?
-1200200200011112
In base 5, what is 1223320 + -34331?
1133434
In base 10, what is 0 + 158189055?
158189055
In base 4, what is 33 - 1301201330?
-1301201231
In base 5, what is -11414 - -43010?
31041
In base 9, what is 166 + -1751331?
-1751154
In base 6, what is 14212 + -41131?
-22515
In base 4, what is 22 + 3112201132?
3112201220
In base 14, what is 13 - 4769c?
-47689
In base 4, what is 2032202303 + -1202?
2032201101
In base 14, what is -b + 709053?
709046
In base 9, what is -285 - -136401?
136105
In base 2, what is 101 - -111100101110101000011110?
111100101110101000100011
In base 3, what is -222 - -2000221112?
2000220120
In base 8, what is -10125 - -62631?
52504
In base 4, what is 0 - -112321231100?
112321231100
In base 10, what is -355 + 21146?
20791
In base 14, what is 1c31 - 25a4?
-773
In base 7, what is 424554 + 36?
424623
In base 7, what is -163241 - 602?
-164143
In base 11, what is 1813 + 2367?
407a
In base 16, what is a68 + -13da?
-972
In base 15, what is -1 + -6e0ecd?
-6e0ece
In base 2, what is -11000101011101101 + -10011000?
-11000101110000101
In base 6, what is 2 - 43121040140?
-43121040134
In base 5, what is 3 + -2012043140?
-2012043132
In base 10, what is -200718 - -538?
-200180
In base 6, what is -1420455 + 30434?
-1350021
In base 14, what is 5a + -2607?
-258b
In base 9, what is -13548572 + 6?
-13548565
In base 7, what is -350210322 + -5?
-350210330
In base 4, what is 3102132 + -10?
3102122
In base 8, what is -23553 - -54704?
31131
In base 12, what is -16 - -236647?
236631
In base 6, what is -10 + -13441231114?
-13441231124
In base 13, what is -1 + c93833?
c93832
In base 10, what is -28814510 + -6?
-28814516
In base 2, what is 10010010101001111 + 100000?
10010010101101111
In base 16, what is 1 - 18bc1a?
-18bc19
In base 15, what is -8e8e0e + 39?
-8e8dc5
In base 14, what is -1 - -2bc194?
2bc193
In base 13, what is 141c069 - -3?
141c06c
In base 2, what is 110101010000100101110001101 - 100?
110101010000100101110001001
In base 10, what is 22981351 + 4?
22981355
In base 2, what is -101111101000 + 111001011000?
1001110000
In base 2, what is -10001110110100111 + 100101?
-10001110110000010
In base 3, what is 12111101001101020 + -102?
12111101001100211
In base 4, what is -1212123231301322 + 3?
-1212123231301313
In base 3, what is -102122222 - -1210201?
-100212021
In base 14, what is 465 + -59607?
-59182
In base 16, what is -fd68675 - -1?
-fd68674
In base 3, what is 101 + -20202000022?
-20201222221
In base 7, what is 4155520034 - 3?
4155520031
In base 12, what is 250a + 526?
2a34
In base 11, what is -298495 + -128a?
-299774
In base 12, what is 193627 - 189?
19345a
In base 12, what is 3 + 10767345?
10767348
In base 8, what is -5 - -44147561?
44147554
In base 13, what is 1607 + -1583?
54
In base 9, what is 2050407 + 185?
2050603
In base 8, what is -23 + 700153?
700130
In base 8, what is -3426 - 2264?
-5712
In base 5, what is 43331 + 2023320?
2122201
In base 10, what is 8 - -1772581?
1772589
In base 9, what is -1812832 - -52?
-1812770
In base 4, what is 22100 - 20101311?
-20013211
In base 8, what is 112744370 + 41?
112744431
In base 4, what is -23030001130001 - 3?
-23030001130010
In base 3, what is 10100111210 - -221202200?
11022021110
In base 11, what is -3 + 143a9868?
143a9865
In base 6, what is -103 - -5541551?
5541444
In base 10, what is 6764 - -11058?
17822
In base 13, what is 3793379 - -7?
3793383
In base 6, what is -12 - -240011525?
240011513
In base 8, what is 740744221 + 5?
740744226
In base 6, what is -1 + 3542431044?
3542431043
In base 13, what is 1 + -2613082?
-2613081
In base 12, 